{"id":2676,"date":"2021-06-22T11:32:33","date_gmt":"2021-06-22T09:32:33","guid":{"rendered":"https:\/\/madeleinezu.com\/?page_id=2676"},"modified":"2024-03-13T17:33:56","modified_gmt":"2024-03-13T16:33:56","slug":"conditions-generales-de-vente","status":"publish","type":"page","link":"https:\/\/www.sacsaposter.fr\/index.php\/conditions-generales-de-vente\/","title":{"rendered":"Conditions g\u00e9n\u00e9rales de vente"},"content":{"rendered":"\n<p class=\"has-quaternary-color has-text-color has-normal-font-size\">Date de derni\u00e8re mise \u00e0 jour : 13\/03\/2024<\/p>\n\n\n\n<div class=\"wp-block-group\"><div class=\"wp-block-group__inner-container is-layout-flow wp-block-group-is-layout-flow\">\n<p>MPNE est une entreprise commerciale immatricul\u00e9e aupr\u00e8s du registre du Commerce et des Soci\u00e9t\u00e9s de Rennes.<\/p>\n\n\n\n<p>&nbsp;Num\u00e9ro SIRET : 815 408 992 RCS Rennes<\/p>\n\n\n\n<div class=\"wp-block-group is-vertical is-layout-flex wp-container-core-group-is-layout-8cf370e7 wp-block-group-is-layout-flex\">\n<div class=\"wp-block-group\"><div class=\"wp-block-group__inner-container is-layout-flow wp-block-group-is-layout-flow\">\n<p>TVA : FR90815408992<\/p>\n\n\n\n<p>SARL MPNE &#8211; 4 rue des Nouettes &#8211; 35890 Bourg des Comptes &#8211; France<\/p>\n<\/div><\/div>\n<\/div>\n<\/div><\/div>\n\n\n\n<p class=\"has-quaternary-color has-text-color has-normal-font-size\"><strong>1. Pr\u00e9ambule\u00a0\u00a0<\/strong>Les pr\u00e9sentes conditions g\u00e9n\u00e9rales de vente d\u00e9finissent les conditions dans lesquelles l&rsquo;entreprise MPNE dont le si\u00e8ge est situ\u00e9\u00a0au 4 rue des Nouettes 35890 Bourg des Comptes France, inscrite au registre du commerce (ci-apr\u00e8s \u00a0\u00bb Nous \u00ab\u00a0) fournit \u00e0 ses clients professionnels qui lui en font la demande (ci-apr\u00e8s \u00a0\u00bb Vous \u00ab\u00a0), pour les besoins de leurs activit\u00e9s professionnelles, les produits commercialis\u00e9s via le site \/\/www.sacsaposter.fr\/ , par email ou par contact t\u00e9l\u00e9phonique.\u00a0\u00a0Tout internaute peut prendre connaissance des Conditions g\u00e9n\u00e9rales de vente sur le site \/\/www.sacsaposter.fr\/ (ci-apr\u00e8s le \u00a0\u00bb Site \u00ab\u00a0). Ces Conditions g\u00e9n\u00e9rales de vente pouvant faire l&rsquo;objet de modifications, les conditions applicables sont celles en vigueur sur le Site \u00e0 la date de passation de votre commande.\u00a0\u00a0<\/p>\n\n\n\n<p class=\"has-quaternary-color has-text-color has-normal-font-size\"><strong>2. L&rsquo;offre&nbsp;&nbsp;<\/strong>Prix, disponibilit\u00e9 et livraison.&nbsp;Les prix indiqu\u00e9s sur notre site sont exprim\u00e9s en euros. Nous pouvons accepter vos commandes dans la limite des stocks disponibles.<\/p>\n\n\n\n<p class=\"has-quaternary-color has-text-color has-normal-font-size\">Les d\u00e9lais de livraison sont mentionn\u00e9s \u00e0 titre indicatif et en aucun cas Nous ne pouvons Vous garantir ces d\u00e9lais. Dans le cas o\u00f9 Vous choisissez de r\u00e9gler par ch\u00e8que ou virement bancaire, votre commande ne sera trait\u00e9e qu&rsquo;\u00e0 r\u00e9ception de celui-ci et les d\u00e9lais applicables sont ceux au jour de la r\u00e9ception du paiement.<\/p>\n\n\n\n<p class=\"has-quaternary-color has-text-color has-normal-font-size\">Si, en d\u00e9pit de notre vigilance, les articles sont indisponibles, Nous Vous en informerons par e-mail dans les meilleurs d\u00e9lais. En cas d&rsquo;indisponibilit\u00e9 permanente, et si Nous ne pouvons pas Vous fournir un article de qualit\u00e9 et de prix \u00e9quivalent, Votre commande sera annul\u00e9e automatiquement.&nbsp;Lorsque vous commandez plusieurs produits en m\u00eame temps et que ceux-ci ont des d\u00e9lais d\u2019exp\u00e9dition diff\u00e9rents, le d\u00e9lai d\u2019exp\u00e9dition de commande est bas\u00e9 sur le d\u00e9lai le plus long. MPNE se r\u00e9serve toutefois la possibilit\u00e9 de fractionner les exp\u00e9ditions.&nbsp;<\/p>\n\n\n\n<p class=\"has-quaternary-color has-text-color has-normal-font-size\"><strong>3. Paiement&nbsp;&nbsp;<\/strong>Vous pouvez effectuer le r\u00e8glement par ch\u00e8que, virement, carte bancaire ou paypal.&nbsp;<\/p>\n\n\n\n<p class=\"has-quaternary-color has-text-color has-normal-font-size\">&#8211; Paiement par ch\u00e8que&nbsp;:&nbsp;Le paiement par ch\u00e8que bancaire (exclusivement par courrier) n&rsquo;est possible que pour des ch\u00e8ques en euros tir\u00e9s sur une banque domicili\u00e9e en France. En cas de paiement par ch\u00e8que, la mise \u00e0 l&rsquo;encaissement du ch\u00e8que est r\u00e9alis\u00e9e \u00e0 la r\u00e9ception du ch\u00e8que.<\/p>\n\n\n\n<p class=\"has-quaternary-color has-text-color has-normal-font-size\">Le ch\u00e8que devra \u00eatre \u00e9tabli \u00e0 l&rsquo;ordre de \u00a0\u00bb MPNE \u00ab\u00a0, et envoy\u00e9 \u00e0 l&rsquo;adresse :&nbsp;MPNE &#8211; 4 rue des Nouettes&nbsp;&#8211;&nbsp;35890 Bourg des Comptes &#8211;&nbsp;France.<\/p>\n\n\n\n<p class=\"has-quaternary-color has-text-color has-normal-font-size\">Toute commande ne sera valid\u00e9e qu\u2019\u00e0 r\u00e9ception totale du montant d\u00fb. Les r\u00e8glements partiels ou diff\u00e9r\u00e9s ne sont pas accept\u00e9s. Les paiements d\u2019avance ne sont ni des arrhes, ni des acomptes.&nbsp;<\/p>\n\n\n\n<p class=\"has-quaternary-color has-text-color has-normal-font-size\">Dans le cas o\u00f9 Vous seriez en retard dans le paiement du prix, Nous serions en droit de r\u00e9clamer des int\u00e9r\u00eats de retard calcul\u00e9s sur la base du taux l\u00e9gal en vigueur et applicables \u00e0 compter du jour de la sommation de payer.<\/p>\n\n\n\n<p class=\"has-quaternary-color has-text-color has-normal-font-size\">&nbsp;&#8211; Paiement via Paypal&nbsp;(<a href=\"https:\/\/www.paypal.com\/\">en savoir plus<\/a>)&nbsp;&nbsp;&nbsp;<\/p>\n\n\n\n<p class=\"has-quaternary-color has-text-color has-normal-font-size\"><strong>4. Retours&nbsp;&nbsp;<\/strong>Vous disposez du droit de r\u00e9tractation de 14 jours pr\u00e9vu par la loi pour Nous retourner les articles sans avoir \u00e0 justifier de motif.&nbsp;&nbsp;(applicable uniquement aux particuliers)<\/p>\n\n\n\n<ul class=\"wp-block-list\">\n<li>Vous pouvez exercer ce droit par l&rsquo;envoi d&rsquo;une lettre recommand\u00e9e avec accus\u00e9 de r\u00e9ception \u00e0 l&rsquo;adresse suivante :<br>MPNE \u2013 4 rue des Nouettes &#8211; 35890 Bourg des Comptes.<\/li>\n\n\n\n<li>Pour ce faire, vous pouvez utiliser le mod\u00e8le de lettre ci-apr\u00e8s :<\/li>\n<\/ul>\n\n\n\n<p><\/p>\n\n\n\n<p class=\"has-dark-color has-text-color has-normal-font-size\"><em>Objet : Renonciation<\/em><em>&nbsp;<\/em><em>Je soussign\u00e9(e) M&#8230;&#8230;&#8230;&#8230;&#8230;&#8230;&#8230;&#8230;&#8230;&#8230;&#8230;&#8230;&#8230;. (nom, pr\u00e9nom, adresse) d\u00e9clare annuler ma commande n\u00b0&#8230;&#8230;&#8230;&#8230;&#8230;&#8230;&#8230;&#8230;&#8230;&#8230; que j&rsquo;avais valid\u00e9e \u00e0 distance le &#8230;&#8230;&#8230;&#8230;&#8230;&#8230;&#8230;&#8230;&#8230;&#8230;&#8230;&#8230;&#8230;.&nbsp;<\/em><em>Au motif&nbsp;: \u2026\u2026\u2026\u2026\u2026\u2026\u2026\u2026\u2026\u2026\u2026\u2026\u2026\u2026\u2026\u2026\u2026\u2026\u2026\u2026\u2026\u2026\u2026\u2026\u2026\u2026\u2026\u2026\u2026\u2026..<\/em><em>&nbsp;<\/em><em>Fait \u00e0 &#8230;&#8230;&#8230;&#8230;&#8230;&#8230;. le &#8230;&#8230;&#8230;&#8230;&#8230;&#8230;..<\/em><em>&nbsp;<\/em><em>\u00absignature\u00bb<\/em>&nbsp;<\/p>\n\n\n\n<p class=\"has-quaternary-color has-text-color has-normal-font-size\">Conservez votre facture, elle vous servira en cas d\u2019\u00e9change ou de remboursement.Pour nous aider&nbsp;&nbsp;\u00e0 mieux vous servir, nous vous remercions de nous indiquer sur votre bon d\u2019\u00e9change le motif de votre retour.&nbsp;En cas de livraison d&rsquo;un article, non conforme \u00e0 votre commande ou endommag\u00e9 pendant le transport, nous vous demandons de bien vouloir prendre contact avec notre service apr\u00e8s-vente (rubrique \u00ab&nbsp;Contactez-nous&nbsp;\u00bb du site) afin d\u2019organiser le retour de l\u2019article et le remboursement de votre achat.&nbsp;&nbsp;&nbsp;<\/p>\n\n\n\n<p class=\"has-quaternary-color has-text-color has-normal-font-size\"><strong>5. Garanties et responsabilit\u00e9&nbsp;&nbsp;<\/strong>Vous b\u00e9n\u00e9ficiez des dispositions de la garantie l\u00e9gale des vices cach\u00e9s.&nbsp;Nous Nous engageons \u00e0 apporter tous les soins en usage dans la profession pour la mise en oeuvre du service offert au client. N\u00e9anmoins, notre responsabilit\u00e9 ne pourra pas \u00eatre retenue en cas de manquement \u00e0 nos obligations contractuelles du fait d&rsquo;un cas fortuit ou d&rsquo;un cas de force majeure tel que d\u00e9fini par la jurisprudence rendue par les juridictions fran\u00e7aises.Notre responsabilit\u00e9 ne sera pas engag\u00e9e en cas de retard d\u00fb \u00e0 une rupture de stock chez le fournisseur. En outre, en cas de diff\u00e9rences non substantielles entre les photos de pr\u00e9sentation des articles sur notre Site, textes et illustrations et les articles command\u00e9s, notre responsabilit\u00e9 ne sera pas engag\u00e9e.&nbsp;Nous mettons en ouvre tous les moyens dont Nous disposons pour assurer les prestations objets des pr\u00e9sentes Conditions g\u00e9n\u00e9rales de vente. Nous sommes responsables de tout dommage direct et pr\u00e9visible au moment de l&rsquo;utilisation du Site ou de la conclusion du contrat de vente entre Nous et Vous. En aucun cas Nous n&rsquo;encourrons de responsabilit\u00e9 pour pertes de b\u00e9n\u00e9fices, pertes commerciales, pertes de donn\u00e9es ou manque \u00e0 gagner ou tout autre dommage indirect ou qui n&rsquo;\u00e9tait pas pr\u00e9visible au moment de l&rsquo;utilisation du Site ou de la conclusion du contrat de vente entre Nous et Vous.La limitation de responsabilit\u00e9 vis\u00e9e ci-dessus est inapplicable en cas de dol ou de faute lourde de Notre part, en cas de dommages corporels ou de responsabilit\u00e9 du fait des produits d\u00e9fectueux.&nbsp;&nbsp;<\/p>\n\n\n\n<p class=\"has-quaternary-color has-text-color has-normal-font-size\"><strong>6. Droit applicable et juridiction comp\u00e9tente&nbsp;&nbsp;<\/strong>Les pr\u00e9sentes conditions g\u00e9n\u00e9rales de vente sont soumises au droit fran\u00e7ais et \u00e0 la Convention de Vienne sur les contrats de vente internationale de marchandises. Tous les litiges relatifs \u00e0 la relation commerciale existant entre Vous et Nous sont soumis \u00e0 la comp\u00e9tence exclusive des juridictions fran\u00e7aises.&nbsp;&nbsp;<\/p>\n\n\n\n<p class=\"has-quaternary-color has-text-color has-normal-font-size\"><strong>7. Licence d&rsquo;acc\u00e8s au site&nbsp;<\/strong>Nous Vous accordons une licence limit\u00e9e \u00e0 l&rsquo;acc\u00e8s et \u00e0 l&rsquo;utilisation du Site pour votre utilisation personnelle. En aucun cas Vous n&rsquo;\u00eates autoris\u00e9 \u00e0 t\u00e9l\u00e9charger ou \u00e0 modifier tout ou partie de ce Site sans Notre autorisation \u00e9crite et expresse. Cette licence ne Vous permet en aucun cas d&rsquo;utiliser, pour la vente ou pour toute autre utilisation commerciale ce Site ou son contenu (produits list\u00e9s, descriptions, prix, t\u00e9l\u00e9chargement ou copie des informations pour le compte d&rsquo;un autre commer\u00e7ant, utilisation de donn\u00e9es, logiciels, extraits sonores, graphismes, images, textes, photographies, outils).Ce Site ou toute partie de ce Site ne doit en aucun cas \u00eatre reproduit, copi\u00e9, vendu ou exploit\u00e9 pour des raisons commerciales sans notre autorisation expresse et \u00e9crite. Vous ne devez pas utiliser des techniques permettant de copier une marque, un logo ou toute autre information (notamment images, texte, maquettes) dont Nous sommes propri\u00e9taires sans notre accord express et \u00e9crit. Vous ne devez pas utiliser les meta tags ou tout autre texte \u00ab&nbsp;cach\u00e9&nbsp;\u00bb contenant notre nom, notre marque ou celui des soci\u00e9t\u00e9s de notre groupe sans notre accord express et \u00e9crit. Toute utilisation non autoris\u00e9e mettra fin \u00e0 la licence que Nous Vous avons accord\u00e9e.<\/p>\n\n\n\n<p class=\"has-quaternary-color has-text-color has-normal-font-size\">Toute utilisation dans votre lien de notre logo, de notre marque, de nos photos ou de nos graphismes n\u00e9cessite notre autorisation expresse et \u00e9crite.<\/p>\n\n\n\n<p class=\"has-quaternary-color has-text-color has-normal-font-size\"><strong>8. <strong>Identifiant(s) unique(s) de la responsabilit\u00e9 \u00e9largie du producteur<\/strong>&nbsp;<\/strong>Leko : FR224266_01YNKH.<\/p>\n\n\n\n<h3 class=\"wp-block-heading\">9. Politique de confidentialit\u00e9<\/h3>\n\n\n\n<p><a href=\"https:\/\/www.sacsaposter.fr\/index.php\/politique-de-confidentialite\/\" target=\"_blank\" rel=\"noreferrer noopener\">Voir la page d\u00e9di\u00e9e<\/a><\/p>\n","protected":false},"excerpt":{"rendered":"<p>Date de derni\u00e8re mise \u00e0 jour : 13\/03\/2024 MPNE est une entreprise commerciale immatricul\u00e9e aupr\u00e8s du registre du Commerce et des Soci\u00e9t\u00e9s de Rennes. &nbsp;Num\u00e9ro SIRET : 815 408 992 RCS Rennes TVA : FR90815408992 SARL MPNE &#8211; 4 rue des Nouettes &#8211; 35890 Bourg des Comptes &#8211; France 1. Pr\u00e9ambule\u00a0\u00a0Les pr\u00e9sentes conditions g\u00e9n\u00e9rales de [&hellip;]<\/p>\n","protected":false},"author":1,"featured_media":0,"parent":0,"menu_order":0,"comment_status":"closed","ping_status":"closed","template":"","meta":{"footnotes":""},"class_list":["post-2676","page","type-page","status-publish","hentry"],"yoast_head":"<!-- This site is optimized with the Yoast SEO plugin v26.7 - https:\/\/yoast.com\/wordpress\/plugins\/seo\/ -->\n<title>Conditions g\u00e9n\u00e9rales de vente - SACS A POSTER<\/title>\n<meta name=\"robots\" content=\"index, follow, max-snippet:-1, max-image-preview:large, max-video-preview:-1\" \/>\n<link rel=\"canonical\" href=\"https:\/\/www.sacsaposter.fr\/index.php\/conditions-generales-de-vente\/\" \/>\n<meta property=\"og:locale\" content=\"fr_FR\" \/>\n<meta property=\"og:type\" content=\"article\" \/>\n<meta property=\"og:title\" content=\"Conditions g\u00e9n\u00e9rales de vente - SACS A POSTER\" \/>\n<meta property=\"og:description\" content=\"Date de derni\u00e8re mise \u00e0 jour : 13\/03\/2024 MPNE est une entreprise commerciale immatricul\u00e9e aupr\u00e8s du registre du Commerce et des Soci\u00e9t\u00e9s de Rennes. &nbsp;Num\u00e9ro SIRET : 815 408 992 RCS Rennes TVA : FR90815408992 SARL MPNE &#8211; 4 rue des Nouettes &#8211; 35890 Bourg des Comptes &#8211; France 1. Pr\u00e9ambule\u00a0\u00a0Les pr\u00e9sentes conditions g\u00e9n\u00e9rales de [&hellip;]\" \/>\n<meta property=\"og:url\" content=\"https:\/\/www.sacsaposter.fr\/index.php\/conditions-generales-de-vente\/\" \/>\n<meta property=\"og:site_name\" content=\"SACS A POSTER\" \/>\n<meta property=\"article:modified_time\" content=\"2024-03-13T16:33:56+00:00\" \/>\n<meta name=\"twitter:card\" content=\"summary_large_image\" \/>\n<meta name=\"twitter:label1\" content=\"Dur\u00e9e de lecture estim\u00e9e\" \/>\n\t<meta name=\"twitter:data1\" content=\"7 minutes\" \/>\n<script type=\"application\/ld+json\" class=\"yoast-schema-graph\">{\"@context\":\"https:\/\/schema.org\",\"@graph\":[{\"@type\":\"WebPage\",\"@id\":\"https:\/\/www.sacsaposter.fr\/index.php\/conditions-generales-de-vente\/\",\"url\":\"https:\/\/www.sacsaposter.fr\/index.php\/conditions-generales-de-vente\/\",\"name\":\"Conditions g\u00e9n\u00e9rales de vente - SACS A POSTER\",\"isPartOf\":{\"@id\":\"https:\/\/www.sacsaposter.fr\/#website\"},\"datePublished\":\"2021-06-22T09:32:33+00:00\",\"dateModified\":\"2024-03-13T16:33:56+00:00\",\"breadcrumb\":{\"@id\":\"https:\/\/www.sacsaposter.fr\/index.php\/conditions-generales-de-vente\/#breadcrumb\"},\"inLanguage\":\"fr-FR\",\"potentialAction\":[{\"@type\":\"ReadAction\",\"target\":[\"https:\/\/www.sacsaposter.fr\/index.php\/conditions-generales-de-vente\/\"]}]},{\"@type\":\"BreadcrumbList\",\"@id\":\"https:\/\/www.sacsaposter.fr\/index.php\/conditions-generales-de-vente\/#breadcrumb\",\"itemListElement\":[{\"@type\":\"ListItem\",\"position\":1,\"name\":\"Accueil\",\"item\":\"https:\/\/www.sacsaposter.fr\/\"},{\"@type\":\"ListItem\",\"position\":2,\"name\":\"Conditions g\u00e9n\u00e9rales de vente\"}]},{\"@type\":\"WebSite\",\"@id\":\"https:\/\/www.sacsaposter.fr\/#website\",\"url\":\"https:\/\/www.sacsaposter.fr\/\",\"name\":\"SACS A POSTER\",\"description\":\"Le sp\u00e9cialiste de l&#039;emballage E-commerce\",\"publisher\":{\"@id\":\"https:\/\/www.sacsaposter.fr\/#organization\"},\"potentialAction\":[{\"@type\":\"SearchAction\",\"target\":{\"@type\":\"EntryPoint\",\"urlTemplate\":\"https:\/\/www.sacsaposter.fr\/?s={search_term_string}\"},\"query-input\":{\"@type\":\"PropertyValueSpecification\",\"valueRequired\":true,\"valueName\":\"search_term_string\"}}],\"inLanguage\":\"fr-FR\"},{\"@type\":\"Organization\",\"@id\":\"https:\/\/www.sacsaposter.fr\/#organization\",\"name\":\"TENPAC\",\"url\":\"https:\/\/www.sacsaposter.fr\/\",\"logo\":{\"@type\":\"ImageObject\",\"inLanguage\":\"fr-FR\",\"@id\":\"https:\/\/www.sacsaposter.fr\/#\/schema\/logo\/image\/\",\"url\":\"https:\/\/madeleinezu.com\/wp-content\/uploads\/2021\/06\/logojpg.jpg\",\"contentUrl\":\"https:\/\/madeleinezu.com\/wp-content\/uploads\/2021\/06\/logojpg.jpg\",\"width\":156,\"height\":59,\"caption\":\"TENPAC\"},\"image\":{\"@id\":\"https:\/\/www.sacsaposter.fr\/#\/schema\/logo\/image\/\"}}]}<\/script>\n<!-- \/ Yoast SEO plugin. -->","yoast_head_json":{"title":"Conditions g\u00e9n\u00e9rales de vente - SACS A POSTER","robots":{"index":"index","follow":"follow","max-snippet":"max-snippet:-1","max-image-preview":"max-image-preview:large","max-video-preview":"max-video-preview:-1"},"canonical":"https:\/\/www.sacsaposter.fr\/index.php\/conditions-generales-de-vente\/","og_locale":"fr_FR","og_type":"article","og_title":"Conditions g\u00e9n\u00e9rales de vente - SACS A POSTER","og_description":"Date de derni\u00e8re mise \u00e0 jour : 13\/03\/2024 MPNE est une entreprise commerciale immatricul\u00e9e aupr\u00e8s du registre du Commerce et des Soci\u00e9t\u00e9s de Rennes. &nbsp;Num\u00e9ro SIRET : 815 408 992 RCS Rennes TVA : FR90815408992 SARL MPNE &#8211; 4 rue des Nouettes &#8211; 35890 Bourg des Comptes &#8211; France 1. Pr\u00e9ambule\u00a0\u00a0Les pr\u00e9sentes conditions g\u00e9n\u00e9rales de [&hellip;]","og_url":"https:\/\/www.sacsaposter.fr\/index.php\/conditions-generales-de-vente\/","og_site_name":"SACS A POSTER","article_modified_time":"2024-03-13T16:33:56+00:00","twitter_card":"summary_large_image","twitter_misc":{"Dur\u00e9e de lecture estim\u00e9e":"7 minutes"},"schema":{"@context":"https:\/\/schema.org","@graph":[{"@type":"WebPage","@id":"https:\/\/www.sacsaposter.fr\/index.php\/conditions-generales-de-vente\/","url":"https:\/\/www.sacsaposter.fr\/index.php\/conditions-generales-de-vente\/","name":"Conditions g\u00e9n\u00e9rales de vente - SACS A POSTER","isPartOf":{"@id":"https:\/\/www.sacsaposter.fr\/#website"},"datePublished":"2021-06-22T09:32:33+00:00","dateModified":"2024-03-13T16:33:56+00:00","breadcrumb":{"@id":"https:\/\/www.sacsaposter.fr\/index.php\/conditions-generales-de-vente\/#breadcrumb"},"inLanguage":"fr-FR","potentialAction":[{"@type":"ReadAction","target":["https:\/\/www.sacsaposter.fr\/index.php\/conditions-generales-de-vente\/"]}]},{"@type":"BreadcrumbList","@id":"https:\/\/www.sacsaposter.fr\/index.php\/conditions-generales-de-vente\/#breadcrumb","itemListElement":[{"@type":"ListItem","position":1,"name":"Accueil","item":"https:\/\/www.sacsaposter.fr\/"},{"@type":"ListItem","position":2,"name":"Conditions g\u00e9n\u00e9rales de vente"}]},{"@type":"WebSite","@id":"https:\/\/www.sacsaposter.fr\/#website","url":"https:\/\/www.sacsaposter.fr\/","name":"SACS A POSTER","description":"Le sp\u00e9cialiste de l&#039;emballage E-commerce","publisher":{"@id":"https:\/\/www.sacsaposter.fr\/#organization"},"potentialAction":[{"@type":"SearchAction","target":{"@type":"EntryPoint","urlTemplate":"https:\/\/www.sacsaposter.fr\/?s={search_term_string}"},"query-input":{"@type":"PropertyValueSpecification","valueRequired":true,"valueName":"search_term_string"}}],"inLanguage":"fr-FR"},{"@type":"Organization","@id":"https:\/\/www.sacsaposter.fr\/#organization","name":"TENPAC","url":"https:\/\/www.sacsaposter.fr\/","logo":{"@type":"ImageObject","inLanguage":"fr-FR","@id":"https:\/\/www.sacsaposter.fr\/#\/schema\/logo\/image\/","url":"https:\/\/madeleinezu.com\/wp-content\/uploads\/2021\/06\/logojpg.jpg","contentUrl":"https:\/\/madeleinezu.com\/wp-content\/uploads\/2021\/06\/logojpg.jpg","width":156,"height":59,"caption":"TENPAC"},"image":{"@id":"https:\/\/www.sacsaposter.fr\/#\/schema\/logo\/image\/"}}]}},"jetpack_sharing_enabled":true,"_links":{"self":[{"href":"https:\/\/www.sacsaposter.fr\/index.php\/wp-json\/wp\/v2\/pages\/2676","targetHints":{"allow":["GET"]}}],"collection":[{"href":"https:\/\/www.sacsaposter.fr\/index.php\/wp-json\/wp\/v2\/pages"}],"about":[{"href":"https:\/\/www.sacsaposter.fr\/index.php\/wp-json\/wp\/v2\/types\/page"}],"author":[{"embeddable":true,"href":"https:\/\/www.sacsaposter.fr\/index.php\/wp-json\/wp\/v2\/users\/1"}],"replies":[{"embeddable":true,"href":"https:\/\/www.sacsaposter.fr\/index.php\/wp-json\/wp\/v2\/comments?post=2676"}],"version-history":[{"count":6,"href":"https:\/\/www.sacsaposter.fr\/index.php\/wp-json\/wp\/v2\/pages\/2676\/revisions"}],"predecessor-version":[{"id":3895,"href":"https:\/\/www.sacsaposter.fr\/index.php\/wp-json\/wp\/v2\/pages\/2676\/revisions\/3895"}],"wp:attachment":[{"href":"https:\/\/www.sacsaposter.fr\/index.php\/wp-json\/wp\/v2\/media?parent=2676"}],"curies":[{"name":"wp","href":"https:\/\/api.w.org\/{rel}","templated":true}]}}